55. Let f be (68/(-6))/((-1)/(-3)). Let s = f + h. Is s composite?
True
Suppose 3*p = 63 + 120. Suppose -4*h + 51 = -5*y, 4*h - 17 - 31 = 4*y. Suppose -4*s + p - h = 0. Is s a composite number?
False
Suppose 12 = 2*d + 2*d. Suppose -361 = -5*c - 4*q, q = d*c - q - 199. Is c a composite number?
True
Let v be (-30)/8 - (-9)/(-36). Let y(b) = -3*b - 2. Is y(v) composite?
True
Let d(w) = 62*w + 17. Let b(a) = -31*a - 8. Let z(g) = 9*b(g) + 4*d(g). Is z(-3) prime?
True
Let n(f) = -f**3 - 5*f**2 + f + 7. Let p be n(-5). Is (-165)/6*(p + -4) a composite number?
True
Let i(k) = 17*k**2 - k + 17. Is i(-4) a composite number?
False
Suppose -4*i + 554 = 2*b, b + 56 - 321 = i. Is b composite?
False
Let d be 0/(1/2*-2). Let n(y) = y**3 - y + 127. Is n(d) a prime number?
True
Suppose y + 2*k - 28 - 24 = 0, 3*y - 159 = -5*k. Is y composite?
True
Let t = 27 + -19. Suppose -10 = m - 3*j, -3*m + 35 = 4*j - 0. Suppose -2*z + 71 = -m*n, -n - t = -3. Is z a composite number?
False
Suppose -4 = -o + 21. Suppose -787 = -3*q - o. Is q composite?
True
Let i(z) = -175*z + 11. Let d(k) = -117*k + 7. Let v(r) = 8*d(r) - 5*i(r). Is v(-2) a prime number?
False
Let x(p) = 213*p + 2. Is x(3) prime?
True
Suppose -2*q + 1 = -9. Suppose -2 - 13 = -q*n. Suppose n*s = 74 + 37. Is s prime?
True
Suppose 0 = -2*s + 633 - 235. Is s composite?
False
Suppose 3*f + 2 = p - 8, -2 = f + p. Let v = f - -164. Is v composite?
True
Let d be ((-273)/2)/(-3)*12. Suppose -d = -4*x + 2642. Is x a prime number?
True
Is 4835/15 + (-4)/(-6) a prime number?
False
Suppose 0 = 15*v - 52404 - 2061. Is v composite?
False
Let f be (-58)/(-10) - 8/10. Suppose -4565 = -5*n + 4*t, 4*n + f*t - 3678 = 3*t. Is n a prime number?
False
Suppose -24 = 2*n - 0*n. Is 2/(n/9)*-226 prime?
False
Is (1 - -10)*(1 + 4) prime?
False
Suppose 0*y = -y + 3. Is 4/((-4)/(-7))*y composite?
True
Let t(q) = 9*q + 1. Suppose -16 = -2*r - 2*r. Suppose -2*c = -f + 1 - 7, r*f + 18 = 5*c. Is t(c) a prime number?
True
Suppose 7*a - 3*a + 2*s = 5454, 0 = 3*a + 4*s - 4093. Is a a composite number?
True
Suppose i + 7 = -3*s, -2*i + 5*i = 4*s + 18. Is 196/i*(-2)/(-4) composite?
True
Suppose 4*j = 15 - 3. Let g = 68 - j. Is g composite?
True
Suppose 449 = 6*g + 95. Suppose k - g + 11 = x, x - 228 = -5*k. Is k a composite number?
True
Let d be 1 + (-3 - (2 + 0)). Let c = d + 7. Suppose c*s - 5*s = -5*z - 67, -3*s + 81 = -z. Is s a prime number?
False
Let n = -67 - 17. Let d = n + 211. Is d a composite number?
False
Let u be (2/(-6))/((-4)/24). Suppose 0 = 5*y + 20, -o = 3*o + u*y - 8. Is (-1 - 42/o)*-2 composite?
False
Let r(t) = t - 9. Let u be r(8). Let s(k) = -10*k**3 + k**2 + k + 1. Let y be s(u). Let q = y + -1. Is q a prime number?
False
Let x be (3/(-2))/((-6)/(-8)). Let o = 4 + x. Is o/(-5) - 1788/(-20) composite?
False
Let i(r) = 5*r + 55. Is i(0) a prime number?
False
Suppose -2*q + 4 = -18. Is q a composite number?
False
Suppose -2*x + 0 = -3*j + 1, 16 = 4*j + x. Suppose -j*p + 102 = -3*g, 0 = -g + 2*g - 3. Is p a composite number?
False
Suppose -7*x + 234 = -x. Is x composite?
True
Let x = 143 - 66. Is x a composite number?
True
Suppose 4*c + 2*r - 26 = -0*r, -r - 2 = -c. Let h = 36 - c. Is h composite?
False
Let x = 4 + 2. Let h(w) = -w**3 + 3 + x*w**2 - 4*w**2 + 3*w + 4*w**2. Is h(5) composite?
False
Let b(o) = -o**2 + 7*o + 2. Let l be b(7). Suppose 0*j + l*j - 94 = 0. Is j a prime number?
True
Let i(c) = 59*c**2 - 3*c + 3. Is i(2) composite?
False
Let q(s) = s - 4. Let j be q(8). Suppose 0 = j*r, 2*n + 4*r - 6 = 3*r. Suppose n*w - 2*f = -3*f + 330, -114 = -w + f. Is w a prime number?
False
Let j(x) = 2*x**2 + 6*x - 3. Let p be j(6). Suppose 3*u = -2*u + p. Suppose -i + u = -14. Is i composite?
True
Let f = 6 + 57. Let x = -26 + f. Is x a composite number?
False
Suppose -v + 43 = 3*d - 624, 5*v - 2*d - 3369 = 0. Is v a composite number?
False
Suppose -10*y + 2058 = -2872. Is y a prime number?
False
Let s = 6 - 16. Let m = s - -14. Is (2/m)/(4/280) composite?
True
Let o = 15 + -12. Is o a composite number?
False
Let d be 3/(3/(3 + 0)). Suppose -n - q + 19 = 0, 0 = -5*n + d*q + 67 + 52. Let j = n + -16. Is j a prime number?
False
Let t = 1 - 1. Suppose -4*c + 2*c - 5*w = -26, t = -4*c - 3*w + 52. Is c a prime number?
True
Let w be (-1182)/4 + 12/8. Let y = w - -443. Is y prime?
True
Suppose -6*s - 5*t = -7*s + 60, 3*s - 125 = 4*t. Is s a composite number?
True
Let o(q) be the second derivative of -q**5/20 - q**3/6 + 77*q**2/2 + 2*q. Let s = 1 + -1. Is o(s) prime?
False
Let w = -149 + 60. Let c = 156 + w. Is c a prime number?
True
Suppose 0 = 2*v + 3*y - 553, 5*v + y + 0*y = 1376. Suppose -5*r + 4*h = -v, -r + 84 = -0*r + 5*h. Is r a prime number?
True
Is (-7)/(-28) - (-139)/4 composite?
True
Is ((-7)/(-7))/(2/50) a prime number?
False
Let l(a) = a**3 + 7*a**2 - 7*a + 5. Let w be l(-8). Is 36/8 - w/2 a composite number?
True
Suppose -2*n + 10 = -7*n. Is (-3)/9*186/n composite?
False
Let a = -2 + 4. Suppose 0 = -4*c + a*d + 796, -c = -4*d + 53 - 259. Let f = c - 71. Is f a prime number?
True
Let z(x) = 9*x**2 + 4*x**2 + 11*x - 7 - 9*x**2. Is z(-8) a composite number?
True
Suppose 8*o - 1039 = 7*o. Is o a composite number?
False
Let n(t) be the third derivative of t**7/336 - t**6/720 - t**5/20 + t**2. Let a(w) be the third derivative of n(w). Is a(1) composite?
True
Suppose -5*y = -3*t + 30, -6 + 36 = -5*y + 5*t. Let g(l) = -9*l + 3. Let a be g(y). Let m = a + -22. Is m a composite number?
True
Let z be -2 - 5*62/2. Let d = z + 564. Is d composite?
True
Let c = 252 - -253. Is c prime?
False
Suppose -5*s - 5*l + 605 = 0, 0 = 5*s + 3*l - 499 - 116. Suppose 3*m - s = 3*v + 99, -3*m - 2*v + 235 = 0. Is m prime?
False
Let w = -13 + 7. Is 332 - ((-3)/(-1) + w) prime?
False
Let p(i) = -i**3 - 9*i**2 + 12*i + 7. Let j be p(-10). Let z be -1 + j + -3 + 4. Let s = 39 + z. Is s a prime number?
False
Let k = 71 - 39. Suppose 4*f = 2*i - 26, -i + 5*f + 2 + 2 = 0. Let s = k - i. Is s composite?
False
Let k(l) = 95*l + 21. Is k(2) a composite number?
False
Let w(m) = m**3 + 10*m**2 + 8. Is w(-9) composite?
False
Let k = -25 + 660. Is k prime?
False
Suppose -3042 = -2*y - 4*o, 2*o - 3*o - 4598 = -3*y. Is y composite?
False
Let j be (-1)/(-2) - (-6)/4. Is (j + (-38)/8)*-4 composite?
False
Let t be 0/(3/(1*-3)). Let u be 0/((t + -1)/(-1)). Suppose 2*k + 16 = 6*k + 4*g, u = -2*k - 3*g + 5. Is k prime?
True
Suppose 5*l = 5, -2*v - 2*l - 4 = -6. Let u(m) = -m**2 + 173 - 16 + 2*m**2. Is u(v) composite?
False
Let h be 0/(2 - 8/2). Let a(v) = h + 26*v - 3 + 4. Is a(3) a prime number?
True
Let l(w) be the second derivative of w**5/20 + 2*w**4/3 + 7*w**3/6 + 7*w**2/2 + 6*w. Is l(-6) a prime number?
True
Suppose -z = -3*z - 5*g + 954, 8 = 2*g. Is z a prime number?
True
Is 11*(2 - -360) + (6 - 2) composite?
True
Let z be 4*(0 - 30/(-8)). Let p = 38 - z. Is p composite?
False
Let w be 1/(-2 - (-52)/28). Let j(s) = 9*s**2 + 7*s + 3. Is j(w) a composite number?
True
Is 1/2 + (-893)/(-2) a composite number?
True
Let h be -1 + (0 + 1)*2. Let o be 8*(h + -9)/(-1). Let s = 143 - o. Is s prime?
True
Suppose 11*d - 10*d - 779 = 0. Is d prime?
False
Suppose -4*q = -0*q. Let m = q + 35. Is m composite?
True
Suppose 1 + 31 = 4*i. Is (92/i)/(1/4) composite?
True
Suppose 3*d = -3*u - 75, -2*d + 0*u - 56 = 5*u. Suppose -2*v + 5*a + 123 = 0, -2*v - 42 + 159 = -3*a. Let m = d + v. Is m composite?
False
Let x = -6 - -14. Let y = x - 21. Is -4*(y/4 + 0) a prime number?
True
Let g = -5 + 10. Suppose 0*r = -r. Suppose r = g*b + 32 - 207. Is b prime?
False
Let o be 96282/24 + (-6)/8. Is o/14*(-4)/(-6) composite?
False
Let v = 173 - 91. Let h = -1 + 9. Is v/h - (-1)/(-4) a prime number?
False
Suppose -6*u = -2146 + 232. Is u composite?
True
Let k = 4 - 2. Suppose -4*d + 7*u + 444 = 3*u, -3*d + k*u + 333 = 0. Is d prime?
False
Let d(n) = -n - 5. Let z be d(0). Let m(h) = h**3 + 4*h**2 - 5*h + 5. Let o be m(z). Suppose i - 3*a - 17 = 15, -o*i = -5*a - 170. Is i composite?
True
Let z(w) = 52*w + 25. Is z(6) a prime number?
True
Let f be 1/(((-6)/8)/(-3)). Suppose f*p + 48 = p. Is -2 - p - (4 + -1) composite?
False
Let i = 21 + -11. Suppose 2*m = 4*m - i. Suppose 0 = m*t - 454 + 59. Is t composite?
False
Is (-3)/(-8 + 5) - (0 - 286) a composite number?
True
Let q be 4 + 0 + (-1 - 1)